{"id":102,"date":"2023-11-08T12:03:01","date_gmt":"2023-11-08T12:03:01","guid":{"rendered":"https:\/\/techmart.store\/?post_type=product&#038;p=102"},"modified":"2023-11-10T15:37:46","modified_gmt":"2023-11-10T15:37:46","slug":"pistola-massaggiante-automatica-musclerelax-pro-scegli-lintensita-e-migliora-la-circolazione-sanguigna-nei-tuoi-muscoli-ottima-per-attivazione-muscolare-stretching-riabilitazione-e-fisiot","status":"publish","type":"product","link":"https:\/\/techmart.store\/index.php\/product\/pistola-massaggiante-automatica-musclerelax-pro-scegli-lintensita-e-migliora-la-circolazione-sanguigna-nei-tuoi-muscoli-ottima-per-attivazione-muscolare-stretching-riabilitazione-e-fisiot\/","title":{"rendered":"Pistola massaggiante automatica MuscleRelax Pro. Scegli l\u2019intensit\u00e0 e migliora la circolazione sanguigna nei tuoi muscoli. Ottima per attivazione muscolare, stretching, riabilitazione e fisioterapia."},"content":{"rendered":"<p><strong>MuscleRelax Pro<\/strong> \u00e8 il tuo compagno ideale per un recupero muscolare ottimale e un benessere generale. Grazie alla sua <strong>tecnologia avanzata<\/strong>, puoi personalizzare l&#8217;intensit\u00e0 del massaggio per adattarlo alle tue esigenze. Che tu stia cercando una leggera attivazione muscolare, un profondo stretching o una riabilitazione mirata, questa pistola massaggiante \u00e8 la soluzione perfetta.<\/p>\n<p>Il <strong>potente motore<\/strong> e le diverse impostazioni di velocit\u00e0 ti permettono di concentrarti su aree specifiche del corpo, migliorando la circolazione sanguigna e rilassando i muscoli tesi. Questo strumento versatile \u00e8 un alleato indispensabile per chiunque voglia migliorare la propria salute fisica.<\/p>\n<p>Che tu sia uno sportivo in cerca di <strong>recupero<\/strong> post-allenamento o una persona che desidera alleviare la <strong>tensione muscolare<\/strong> quotidiana, la nostra pistola massaggiante automatica \u00e8 progettata per soddisfare tutte le tue esigenze. La fisioterapia non \u00e8 mai stata cos\u00ec comoda ed efficace. Investi nel tuo benessere e scopri i benefici immediati di questo strumento rivoluzionario.<\/p>\n<p><b>Consigliato per<\/b><span style=\"font-weight: 400;\">: attivazione muscolare, stretching, riabilitazione, fisioterapia, massaggi.<br \/>\n<\/span><b>Brand<\/b><span style=\"font-weight: 400;\">: MuscleRelax Pro<\/span><span style=\"font-weight: 400;\"><br \/>\n<\/span><b>Modello<\/b><span style=\"font-weight: 400;\">: MuscleRelax Pro<\/span><span style=\"font-weight: 400;\"><br \/>\n<\/span><b>Caratteristiche principali<\/b><span style=\"font-weight: 400;\">: fino a 400 pulsazioni al minuto, favorisce la crescita muscolare, massaggia il muscolo in profondit\u00e0, favorisce il rilassamento muscolare e la plasticit\u00e0, massaggia il collo, spina dorsale e tendine d\u2019achille.<\/span><\/p>\n","protected":false},"excerpt":{"rendered":"<p>MuscleRelax Pro \u00e8 la pistola massaggiante che migliora la circolazione e offre un massaggio su misura. Ideale per attivazione muscolare, stretching, riabilitazione e fisioterapia. Personalizza l&#8217;intensit\u00e0 per soddisfare ogni tua esigenza.<\/p>\n","protected":false},"featured_media":266,"template":"","meta":{"om_disable_all_campaigns":false,"_monsterinsights_skip_tracking":false,"_monsterinsights_sitenote_active":false,"_monsterinsights_sitenote_note":"","_monsterinsights_sitenote_category":0},"product_cat":[18,26,34],"product_tag":[147,144,145,149,142,143,140,146,130,148,150],"aioseo_notices":[],"_links":{"self":[{"href":"https:\/\/techmart.store\/index.php\/wp-json\/wp\/v2\/product\/102"}],"collection":[{"href":"https:\/\/techmart.store\/index.php\/wp-json\/wp\/v2\/product"}],"about":[{"href":"https:\/\/techmart.store\/index.php\/wp-json\/wp\/v2\/types\/product"}],"wp:featuredmedia":[{"embeddable":true,"href":"https:\/\/techmart.store\/index.php\/wp-json\/wp\/v2\/media\/266"}],"wp:attachment":[{"href":"https:\/\/techmart.store\/index.php\/wp-json\/wp\/v2\/media?parent=102"}],"wp:term":[{"taxonomy":"product_cat","embeddable":true,"href":"https:\/\/techmart.store\/index.php\/wp-json\/wp\/v2\/product_cat?post=102"},{"taxonomy":"product_tag","embeddable":true,"href":"https:\/\/techmart.store\/index.php\/wp-json\/wp\/v2\/product_tag?post=102"}],"curies":[{"name":"wp","href":"https:\/\/api.w.org\/{rel}","templated":true}]}}